actor of 1241920484?
True
Does 99 divide 36229784?
False
Does 75 divide 726870525?
True
Does 76 divide 100070972?
False
Is 88521238 a multiple of 607?
True
Does 2399 divide 29452523?
True
Is 641951576 a multiple of 871?
False
Is 77029320 a multiple of 2840?
True
Is 18893942 a multiple of 35?
False
Is 1928372400 a multiple of 141?
True
Is 173442500 a multiple of 1190?
True
Does 3220 divide 493775409?
False
Is 6 a factor of 6995580?
True
Does 5 divide 675387055?
True
Is 256564 a multiple of 1597?
False
Is 739231 a multiple of 2?
False
Does 47 divide 3692430820?
False
Is 705096 a multiple of 36?
True
Is 18 a factor of 105003720?
True
Is 288649232 a multiple of 126?
False
Does 376 divide 2849329128?
True
Is 204583425 a multiple of 25?
True
Does 4933 divide 365425475?
False
Is 1495184304 a multiple of 516?
True
Does 275 divide 496883200?
True
Is 724794924 a multiple of 244?
True
Does 2725 divide 93165025?
True
Is 68568912 a multiple of 582?
True
Is 327528887 a multiple of 2688?
False
Is 54933414 a multiple of 26?
False
Is 60 a factor of 30389940?
True
Does 8 divide 5128144?
True
Is 337 a factor of 44515066?
False
Does 103 divide 445000405?
False
Does 57 divide 80725167?
True
Does 133 divide 496749946?
True
Does 226 divide 119209802?
True
Does 700 divide 46620000?
True
Is 896702222 a multiple of 38?
False
Is 5 a factor of 7887411?
False
Is 1608 a factor of 788183712?
True
Is 50 a factor of 762100347?
False
Does 76 divide 2785185528?
True
Is 299354306 a multiple of 13?
False
Does 21 divide 3442677?
True
Is 69139047 a multiple of 1377?
False
Does 6703 divide 803112580?
False
Is 18 a factor of 117849240?
True
Is 9855878 a multiple of 17?
False
Is 7625 a factor of 467368112?
False
Is 5631305 a multiple of 31?
True
Is 23737160 a multiple of 269?
False
Is 873139021 a multiple of 11?
False
Is 88092307 a multiple of 40?
False
Does 191 divide 277726033?
True
Is 16 a factor of 743138?
False
Does 13 divide 2789835319?
False
Is 3107597868 a multiple of 4518?
True
Is 42 a factor of 9268938?
True
Is 633346625 a multiple of 125?
True
Is 206437158 a multiple of 746?
False
Does 1543 divide 103036373?
False
Does 1617 divide 237501028?
False
Does 97 divide 273683366?
True
Is 7128 a factor of 3099681241?
False
Is 57 a factor of 58558722?
True
Is 43 a factor of 124794686?
True
Is 442313497 a multiple of 73?
True
Does 149 divide 6975921468?
False
Is 163432932 a multiple of 156?
True
Does 2277 divide 1113108956?
False
Does 1797 divide 124758222?
False
Is 107310024 a multiple of 47?
True
Is 745 a factor of 236194800?
True
Does 48 divide 282592608?
True
Is 117 a factor of 14874795?
True
Does 84 divide 46612526?
False
Is 1052462958 a multiple of 31?
True
Is 9779 a factor of 1124360083?
True
Does 2481 divide 1628572919?
False
Does 703 divide 211556602?
True
Is 47416834 a multiple of 113?
True
Is 6843 a factor of 1009155043?
False
Is 32 a factor of 599422491?
False
Is 3042 a factor of 514694232?
True
Is 122465729 a multiple of 46?
False
Is 51928327 a multiple of 251?
False
Is 20 a factor of 46289220?
True
Is 272 a factor of 42419010?
False
Does 311 divide 449506338?
True
Does 17 divide 114017464?
False
Is 3668533428 a multiple of 14686?
True
Is 36618812 a multiple of 5?
False
Is 26 a factor of 204119543?
False
Is 1088717912 a multiple of 168?
False
Does 4 divide 38879?
False
Is 38 a factor of 74132119?
False
Is 8232545 a multiple of 6?
False
Does 207 divide 33700014?
True
Is 27585001 a multiple of 15?
False
Does 104 divide 141209432?
True
Does 65 divide 20086237?
False
Is 12307848 a multiple of 1281?
True
Does 17 divide 17455622?
False
Is 67 a factor of 24755191?
False
Is 313104607 a multiple of 11?
False
Is 24 a factor of 1532537952?
True
Is 7219516649 a multiple of 2159?
False
Is 380682161 a multiple of 151?
False
Is 157988467 a multiple of 193?
False
Is 1005052715 a multiple of 409?
False
Does 12 divide 87162163?
False
Is 537837249 a multiple of 43?
True
Is 196603977 a multiple of 159?
True
Is 792 a factor of 23737314?
False
Does 10 divide 1296920?
True
Is 145 a factor of 99391955?
False
Does 91 divide 109397925?
True
Is 108671688 a multiple of 12?
True
Does 847 divide 67022082?
False
Is 59 a factor of 157165439?
True
Is 41 a factor of 2010682886?
True
Is 750771780 a multiple of 30?
True
Is 10 a factor of 108934634?
False
Is 64 a factor of 67252948?
False
Is 2030 a factor of 492780741?
False
Is 145 a factor of 179893670?
True
Does 5489 divide 251626738?
True
Is 117695890 a multiple of 3558?
False
Is 76 a factor of 10860972?
False
Does 7477 divide 626721039?
False
Does 719 divide 87351733?
False
Does 109 divide 6433862?
False
Is 47852640 a multiple of 1881?
True
Is 11603306 a multiple of 22?
True
Is 14591444 a multiple of 1198?
False
Is 16 a factor of 1398184352?
True
Is 133718328 a multiple of 963?
True
Is 71 a factor of 175238224?
True
Does 2883 divide 319251888?
True
Does 313 divide 4110044629?
True
Is 80 a factor of 172900800?
True
Is 83833461 a multiple of 81?
True
Is 3173 a factor of 951354244?
True
Does 420 divide 81213864?
False
Is 2059 a factor of 738377057?
False
Does 224 divide 107722272?
True
Is 20326020 a multiple of 2860?
True
Is 7713476 a multiple of 15?
False
Is 24762926 a multiple of 43?
True
Is 53389953 a multiple of 18?
False
Is 5 a factor of 14767677?
False
Is 236901642 even?
True
Is 98908323 a multiple of 199?
False
Does 417 divide 10403388?
False
Does 187 divide 128189663?
False
Is 163058675 a multiple of 131?
False
Does 2427 divide 42210384?
True
Is 865776360 a multiple of 2281?
True
Is 3 a factor of 20783983?
False
Is 12 a factor of 1970480?
False
Is 21 a factor of 92512959?
True
Does 435 divide 2632273020?
False
Is 40138811 a multiple of 8?
False
Is 2621 a factor of 9066126?
False
Is 98295084 a multiple of 678?
True
Does 570 divide 2112607530?
True
Does 33 divide 485709239?
False
Is 162 a factor of 51817479?
False
Is 10945365 a multiple of 1078?
False
Is 1117 a factor of 170084473?
True
Is 4 a factor of 143208?
True
Is 20 a factor of 2287715080?
True
Is 1552 a factor of 123532664?
False
Is 393597320 a multiple of 113?
False
Does 69 divide 72770022?
True
Does 34 divide 623758812?
False
Does 327 divide 470397338?
False
Is 2691 a factor of 28294489?
False
Does 25 divide 807474800?
True
Is 106461712 a multiple of 931?
True
Does 241 divide 298286857?
False
Does 1670 divide 377560280?
True
Does 1065 divide 15061230?
True
Is 20227760 a multiple of 656?
True
Does 14 divide 607941684?
True
Is 1032 a factor of 38765718?
False
Does 862 divide 3219456261?
False
Is 5410288 a multiple of 104?
True
Is 33726798 a multiple of 33?
False
Is 4100 a factor of 565349000?
True
Does 10 divide 41667151?
False
Does 4 divide 58307364?
True
Does 4428 divide 540871344?
True
Is 467327160 a multiple of 45?
True
Is 29006328 a multiple of 372?
True
Is 181 a factor of 36287785?
True
Is 130559561 a multiple of 64?
False
Does 53 divide 29100607?
False
Is 821614666 a multiple of 1013?
False
Is 32907420 a multiple of 1372?
True
Does 9 divide 518783976?
True
Is 440 a factor of 20408223?
False
Is 23 a factor of 12837071?
False
Is 38 a factor of 13532630?
False
Is 112177548 a multiple of 81?
True
Is 67441653 a multiple of 96?
False
Does 164 divide 901326780?
True
Does 101 divide 814813561?
True
Is 1798 a factor of 62579244?
False
Is 54 a factor of 10677258?
True
Is 1021488709 a multiple of 45?
False
Does 7331 divide 596384181?
True
Does 14 divide 1215036928?
True
Does 26 divide 677248042?
False
Is 455088876 a multiple of 44?
True
Is 106479011 a multiple of 423?
False
Is 36122765 a multiple of 2?
False
Is 18 a factor of 53543383?
False
Does 3057 divide 20047806?
True
Is 12519955 a multiple of 2345?
True
Is 2990 a factor of 296437910?
False
Is 121833128 a multiple of 2284?
True
Does 3838 divide 324560295?
False
Is 30004775 a multiple of 179?
False
Is 1997 a factor of 96884402?
False
Is 17 a factor of 3080757?
True
Does 813 divide 5978620?
False
Is 1490 a factor of 162934480?
True
Does 300 divide 233931900?
True
Is 103899924 a multiple of 276?
True
Does 20 divide 4723070?
False
Is 9620754 a multiple of 444?
False
Is 2 a factor of 2713117?
False
Is 6 a factor of 1764556581?
False
Does 4 divide 3228785?
False
Is 571530793 a multiple of 1093?
True
Does 33 divide 298501566?
True
Is 15500190 a